*i, 2*i - 4 = 0. Let m = d - 37. Suppose 2*t + x - 88 = 0, -217 = -5*t - m*x + x. List the prime factors of t.
3, 5
Let g(k) = 274*k + 105. Let v(n) = 138*n + 53. Let d(u) = -3*g(u) + 5*v(u). What are the prime factors of d(-6)?
2, 7, 53
Let s(i) be the third derivative of -i**6/40 + i**5/60 + i**4/3 + 7*i**3/2 + 2*i**2 + 4*i. List the prime factors of s(-3).
3, 29
Suppose 136*s - 61756 = 132452. List the prime factors of s.
2, 3, 7, 17
Let f be (-6)/27 + (-455)/(-63). Let h = f + 5. Suppose -h*w - 372 = -15*w. List the prime factors of w.
2, 31
Let p = 118520 - 65199. What are the prime factors of p?
71, 751
Let u = 6 - -3. Let m(i) = -10*i + 27. Let b be m(u). Let v = b + 81. What are the prime factors of v?
2, 3
Let j be 8/36 + (-4498)/(-9). Let r = j - 328. List the prime factors of r.
2, 43
Let h(q) = -q**3 + 39*q**2 + 56*q + 59. List the prime factors of h(39).
2243
Let t(z) = 6*z - 72. Let o be t(21). Suppose -123472 + 37072 = -o*q. What are the prime factors of q?
2, 5
Let s(r) = r + 10. Let m be s(-9). List the prime factors of (-83 + m)/(-6 - -8 - 3).
2, 41
Suppose 23*y - 22*y - 2144 = 2*u, 4*y = -u + 8540. What are the prime factors of y?
2, 3, 89
Let c = -3562 + 3567. Let k = -3 - -7. Suppose -k*n + 52 = 4*p, -4*n = -3*n + c*p - 21. List the prime factors of n.
11
Let y be 1734/85 + (-8)/20. Suppose -11*d = -y*d + 7173. List the prime factors of d.
797
Suppose 14 = 11*s + 91. What are the prime factors of (6 + s)*9 - -546?
3, 179
Let k = 9039 + -3859. List the prime factors of k.
2, 5, 7, 37
Let j = 3190 + 933. What are the prime factors of j?
7, 19, 31
Suppose -2*u + 3216 = w - 2029, 5*u = 2*w - 10463. What are the prime factors of w?
13, 31
Suppose 0 = -18*l + 853229 - 166961. List the prime factors of l.
2, 11, 1733
Suppose s + 3*z = 55784, 0 = -5*s - 236*z + 239*z + 278920. List the prime factors of s.
2, 19, 367
Suppose 4711 = -15*r + 781. Let h = r + 729. List the prime factors of h.
467
Suppose -8*y - 18 = 22. Let u(g) = g + 9. Let s be u(y). Suppose 4*z + 204 = 4*m, -3*m + 2*z = s*z - 168. List the prime factors of m.
2, 3
Let d(a) = 2690*a**3 + 7*a**2 - 12*a + 6. What are the prime factors of d(1)?
3, 13, 23
Let i(v) = 2*v**2 + 10*v - 13. Let l be (-5 + 16/4)*-1*5. Suppose 11*k - l + 137 = 0. What are the prime factors of i(k)?
5, 31
Let v(i) = i**2 + i - 6. Let m be v(0). Suppose -p - 3 = 3*q - 4, -15 = -4*p - q. List the prime factors of p - -4*(-9)/m.
2, 5
Suppose -4*m = -f - 76 + 12, -8 = 2*f. Suppose -11*z = -8*z - m. Suppose -2*q + z + 156 = -3*v, -q = -v - 82. What are the prime factors of q?
5, 17
Let c(t) = 2*t**2 + 4*t + 2. Let n be c(-3). Let r(v) = -8*v + n + 3 + 12 + 4. What are the prime factors of r(-8)?
7, 13
Let v = 486 + -1749. Let a = v + 2301. List the prime factors of a.
2, 3, 173
Suppose f + 14922 = 6*p + 5*f, -2*p + 4984 = -2*f. List the prime factors of p.
19, 131
Let l(q) = 34*q - 18. Let j be l(9). Suppose -8*n + j = -2*n. Suppose 6*p = 8*p - n. List the prime factors of p.
2, 3
Suppose 18*v - 5 = 13*v. Let w(s) = -799*s**3 + 2*s**2 + s - 2. Let q be w(v). What are the prime factors of q/(-8) - 7/(-28)?
2, 5
Let q be 22/88 - 215/(-4). Suppose -38*h = -q*h + 21744. What are the prime factors of h?
3, 151
Suppose -2*v + 4*v + 22 = 0. Let a(w) = -w**2 - 31*w - 39. Let r be a(-30). Let h = r - v. What are the prime factors of h?
2
Let y be (1 - 25)*3/(-4). Suppose 4360 + 5918 = y*c. List the prime factors of c.
571
Let a be ((-91)/(-14) + -8)*2*-771. Suppose 3855 = 5*m + 5*p, 2*m = -m + p + a. List the prime factors of m.
3, 257
Let j(f) = -99*f - 42. Let g(z) = 99*z + 42. Let s(m) = 4*g(m) + 6*j(m). List the prime factors of s(-8).
2, 3, 5
Suppose 15 = 5*j, f + 287*j - 35357 = 289*j. What are the prime factors of f?
35363
Let j(y) be the third derivative of 1/2*y**4 + 0 + 0*y + 8*y**2 - 1/120*y**6 + 11/60*y**5 - 2*y**3. List the prime factors of j(6).
2, 3, 5
What are the prime factors of 10 - (-13853 - (-9 - -3))?
3, 31, 149
Let p(q) = -51*q**3 - q**2 - 43*q - 372. List the prime factors of p(-7).
3, 5791
Suppose 3*q = 2*s + 554, 4*q = 7*q - s - 559. Let z(a) = -94 - 54 + q - 4*a. List the prime factors of z(-7).
2, 17
Suppose -3*w = 3*t - 1851, -2*t = 5*w - 7*w - 1226. Suppose -3*s + d = -d - 1805, -t = -s - 2*d. What are the prime factors of s?
5, 11
Suppose 23*g - 26*g = 2*y - 59854, -29924 = -y - g. List the prime factors of y.
2, 7, 2137
Let p(h) = 4*h**3 - 10*h + 6. Suppose -12 = 9*z - 57. Let s be p(z). Suppose 10*q = 924 + s. List the prime factors of q.
2, 3, 23
Let u be -33*154/(-420) - (-2)/(-20). Suppose -13762 = -2*w - u*w. What are the prime factors of w?
983
Let z = 56 + 33. Let p = z + -90. What are the prime factors of p + (-2)/(-8) - 2037/(-12)?
13
Suppose 9*v = 15*v - 30. Suppose s + v = 8. Suppose h + o = 95, -s*h + 5*o = 2*o - 267. What are the prime factors of h?
2, 23
Suppose -16934 = -f + 10005. Suppose 0 = -10*r - 21*r + f. What are the prime factors of r?
11, 79
Let f(r) = -47*r + 4. Let n be f(-1). Suppose 0 = 49*x - n*x + 1280. Let w = -357 + x. What are the prime factors of w?
283
Suppose 39*s - 55042 = -19*s. List the prime factors of s.
13, 73
Let c = -8440 + 12238. Let o = c + -2275. List the prime factors of o.
1523
Let r = -1034 - -1461. Suppose -6*z = r - 3595. List the prime factors of z.
2, 3, 11
Let c = -351 + 351. Suppose -47*d + 1047 = -46*d + z, c = 4*z - 20. List the prime factors of d.
2, 521
Let n = -328 + 340. Let o(t) = 8*t**2 - 62*t + 7. What are the prime factors of o(n)?
5, 83
List the prime factors of -67*134*(-1)/2.
67
Let i = 176 + -335. What are the prime factors of 53/i - 1256/(-6)?
11, 19
List the prime factors of 321/60*(7285 + -57) + (-1)/(-5).
2, 3, 5, 1289
Let u = 55211 - 19967. List the prime factors of u.
2, 3, 11, 89
Let z = 2092 + 241. What are the prime factors of z?
2333
Let l be 10285/136 + 6/16. What are the prime factors of 17428/16 - (-133)/l?
1091
Let y = -13 - -17. Suppose 9*u - 4*r = 4*u + 15, 4*r + 8 = y*u. Suppose -15*t + 552 = -u*t. What are the prime factors of t?
3, 23
What are the prime factors of (-49089)/(-12)*(-64)/(-176)*22?
2, 16363
Let q = -97775 + 169987. What are the prime factors of q?
2, 7, 2579
Let l = 520 + -515. Suppose 17*r - 14*r - 2103 = -3*m, l*r + m - 3489 = 0. List the prime factors of r.
17, 41
Suppose 23*l = 62563 + 17891. What are the prime factors of l?
2, 3, 11, 53
Suppose y = -2*c - 4*y - 3, c + 5*y + 4 = 0. Let r be c/(((-5)/20)/(-1)). Suppose r*j + 0*j = 4*h - 448, 430 = 4*h + 5*j. What are the prime factors of h?
2, 5, 11
Let t be -2 + (27/(-15))/((-18)/25980). Suppose 0 = -7*o + t + 1982. What are the prime factors of o?
2, 3, 109
Let z(s) be the third derivative of -s**4/3 + 11*s**3/3 - 14*s**2. Let o be z(-6). Suppose 0 = -2*g - 0*g + o. What are the prime factors of g?
5, 7
Let r = 43 + -39. Suppose 28 = r*t - 4*k, 5 = 4*t - t + k. Suppose 2*h = -b - 1 + 57, -3*h + 171 = t*b. What are the prime factors of b?
2, 29
Let w(t) = 2667*t - 1428. What are the prime factors of w(7)?
3, 7, 821
Suppose 2*b = -3*y + 3, -2 = -5*b - 4*y + 2. Let h be b/(2/(-4) - (-30)/12). What are the prime factors of (-1 + h)/(3/291*-1)?
97
Suppose 3*t + 190 - 516 = 5*u, -3*u = 3*t - 366. Let p = t - -40. List the prime factors of p.
157
Suppose o = -6, -4*a = 5*o - 12549 - 5361. List the prime factors of a.
3, 5, 13, 23
Suppose 3*w - 4*l + 3 = -2*l, w = -3*l - 12. List the prime factors of w + -1 - (-895 - -1).
2, 5, 89
What are the prime factors of 1 - (-15)/(-12) - (1 + (-319998)/56)?
29, 197
Suppose -390484 + 71985 = -73*l. List the prime factors of l.
4363
Let u(m) = m**2 + 10*m + 4. Suppose 4*t = -1 - 35. Let l be u(t). What are the prime factors of 90/(6 + l + 1)?
3, 5
Let r(l) be the third derivative of -l**5/60 + 5*l**4/12 - l**3/2 + 18*l**2. Let t be r(7). List the prime factors of (-4)/t + 1211/63.
19
List the prime factors of ((-2)/(-1) + (-35572)/(-10))/(310/7750).
2, 3, 5, 1483
Suppose 0 = 10*x - 8*x - 6. Suppose 0 = -g - 3*h + 87, 2*h + x*h + 331 = 4*g. Suppose t - g = -2*z, -t + 2*z + 75 = z. What are the prime factors of t?
2, 3, 13
Suppose 0 = 69*y - 9797 - 76453. What are the prime factors of y?
2, 5
Let s = -729 + 694. Suppose -2*o + 6*w = 2*w - 140, o - 54 = -2*w. Let a = o + s. List the prime